, 17, 59
Let v(c) = -c**3 + 8*c**2 - 3*c - 3. Let k be v(7). Let f = k - 14. List the prime factors of f.
11
Let q be (15 - 1)*2/4. Suppose b - q*b = 0. Suppose 0 = -o - n + 97 - 34, b = 2*n - 8. What are the prime factors of o?
59
Let i = -227 - -319. What are the prime factors of i?
2, 23
Let j(o) = -77*o - 7. List the prime factors of j(-5).
2, 3, 7
Let s(p) = -p**2 + 7*p. Let b be s(6). Suppose -3*u = -b*u - 9, 2*l + 9 = -5*u. List the prime factors of (5/2)/(l/24).
2, 5
Let u = 243 + -166. What are the prime factors of u?
7, 11
Suppose -30 = 2*f - 4*f. Let a be 42/9*f/10. Suppose -i = -a*i + 372. What are the prime factors of i?
2, 31
Suppose -m - i = 10, 12 = -2*m - i + 3*i. Let r(s) = -20 + 4*s - 5*s + 21. List the prime factors of r(m).
3
Let i = 841 - -1240. What are the prime factors of i?
2081
Let g(i) = -i**3 - 13*i**2 - 2*i - 23. Let z be g(-13). Suppose -3*s + 3*c = -c - 236, 0 = -2*s + z*c + 158. List the prime factors of s.
2, 19
Let r be 355 + (0 - -4 - 2). Let y be (-2)/7 + r/49. Suppose -3*f + y*f = 48. What are the prime factors of f?
2, 3
Suppose 0 = 5*u - 7 - 1223. Let c = u + -146. What are the prime factors of c?
2, 5
Suppose -32 = -2*c - 108. Let t = 40 + c. List the prime factors of t.
2
What are the prime factors of (11/(-1))/(3/(-114))?
2, 11, 19
Let n(m) = -m + 2. Let l be n(0). Let s = 28 - l. List the prime factors of s.
2, 13
What are the prime factors of ((-312)/10*1)/(4/(-100))?
2, 3, 5, 13
Suppose 0 = 5*g - 3*b - 14 - 2, 5*b = -4*g + 35. Let x(j) = 2*j**3 - 6*j**2 - 3*j + 1. List the prime factors of x(g).
2, 43
Let m be -1 + -2 - (-7)/((-35)/(-30)). Suppose 0 = 5*o + 4*q - 205, q - 130 = -6*o + m*o. What are the prime factors of o?
3, 5
Suppose -4*f + 4*a = -0*a - 292, 5*a + 73 = f. Suppose -2*y = 25 - f. List the prime factors of y.
2, 3
Suppose -4*t - 1998 + 5770 = 0. Suppose -8*c = -105 - t. List the prime factors of c.
131
Let q be (-3 - -2) + 10 - 2. Suppose 2*b - 16 = 4*t - q*t, 0 = t - 4. Suppose 5 = 2*n - 3*p, -16 - 14 = -2*n - b*p. What are the prime factors of n?
2, 5
Let g(i) = 670*i + 142. What are the prime factors of g(4)?
2, 17, 83
Let q(f) = 26*f + 49. What are the prime factors of q(6)?
5, 41
Let y = 615 - 512. What are the prime factors of y?
103
Let b = 82 - 46. Let g = b + -28. Suppose -g - 5 = -j. What are the prime factors of j?
13
Suppose -3*l + 2*l = -6. Suppose 65 = l*x - 229. What are the prime factors of x?
7
Let x be 4 - -19 - -2 - 1. Let t be ((-24)/5)/(x/(-300)). Suppose -g = 4*g - t. What are the prime factors of g?
2, 3
Let c(f) = -f + 12. Let v be c(18). List the prime factors of 2/v + 1736/42.
41
Let g = -913 - -932. List the prime factors of g.
19
Suppose 306 = 3*d + 3*a, 2*d - 4*a - 224 = -a. Suppose 5*y = t - d, -4*t - 79 = -5*y - 443. List the prime factors of t.
2, 43
Let g = 502 - 329. Suppose -3*z = 3*b - 123, g = 6*z - z - 3*b. List the prime factors of z.
37
Suppose -25 = -10*y + 5*y. Suppose -2*i - 3*k = i, y*i = -k + 20. List the prime factors of i.
5
Let g(k) be the third derivative of 11*k**7/5040 + k**6/720 + k**5/20 + k**2. Let x(u) be the third derivative of g(u). List the prime factors of x(3).
2, 17
Let n = 80 + 7. Suppose m + m + 328 = -4*s, n = -s - 3*m. Let v = 125 + s. List the prime factors of v.
2, 11
What are the prime factors of (-1)/(90/(-12)) - 169419/(-45)?
3, 5, 251
Suppose -23*u = -19*u + 12. List the prime factors of -4*((-9)/4)/(u/(-10)).
2, 3, 5
Let x(p) = -7*p**2 + p**2 - 6 - 11*p + 5*p**2. List the prime factors of x(-4).
2, 11
Let f(s) = 2*s**3 - 4*s**2 + 6*s - 2. Let y(z) = z + 6. Let p be y(-2). What are the prime factors of f(p)?
2, 43
Let f(r) = 17*r**2 - 66*r + 27. List the prime factors of f(14).
5, 487
Let h(c) = -104*c + 1. What are the prime factors of h(-2)?
11, 19
What are the prime factors of 6/(-4)*(-456)/18?
2, 19
Suppose -5*z = -92 - 388. Let p = z + 4. What are the prime factors of p?
2, 5
Let l(g) = -4*g - 2*g + 6 + g + g**2. Let b = -74 + 78. What are the prime factors of l(b)?
2
Let s(p) = 2*p - 10. Let k be s(11). Suppose 10*y = 6*y + k. List the prime factors of (1/y)/(3/90).
2, 5
Let b = -269 - -302. What are the prime factors of b?
3, 11
Let l(w) be the third derivative of -1/12*w**4 - 4/3*w**3 + 2*w**2 + 0*w + 0. List the prime factors of l(-8).
2
Let m be (-17)/(-4) + 11/(-44). Suppose 5 = m*c - 3. What are the prime factors of c?
2
List the prime factors of (-71)/(8/(-60)*(-3)/(-4)).
2, 5, 71
Let q(c) = -c**3 - 9*c**2 - 13*c - 8. Let f be q(-8). Suppose -z = -3, -4*w + 2 = 2*z - f. Suppose -329 + 91 = -w*n. List the prime factors of n.
2, 17
Suppose -4*w + 158 = -702. What are the prime factors of w?
5, 43
Suppose -192 = 2*u - 5*u. Suppose 4*a - u = -4*n, n = -2*a + 18 + 15. Suppose a = -4*f + 81. List the prime factors of f.
2
Suppose 0 = 2*y - 32 + 6. Let v = -13 - -5. Let j = v + y. What are the prime factors of j?
5
Let r(l) = -116*l + 45. What are the prime factors of r(-2)?
277
Let l(t) = 128*t - 786. List the prime factors of l(21).
2, 3, 317
Let z(f) = 13*f**2 - 2. Let t(b) = -2*b**2 + 2*b. Let c be t(2). What are the prime factors of z(c)?
2, 103
Suppose 0 = 3*i - o - 11, 2*o = -4*i - 0 - 2. Let k be (-2)/((i/(-5))/1). Suppose -21 = -5*b - k*u + 14, 0 = -5*b - u + 35. List the prime factors of b.
7
Let o = 83 + 873. What are the prime factors of o?
2, 239
Let w(u) = -2*u**3 - u**2 - u + 1. Let i be w(-1). Suppose 3*l - 4*a + 3*a - 19 = 0, a - 17 = -i*l. What are the prime factors of l?
2, 3
Let q(t) = t**2 - 4*t - 2. Let w be q(5). Suppose -h + 117 = h + w*o, -2*h = o - 119. List the prime factors of h.
2, 3, 5
Let h = -7 + 42. Let t = h + 5. What are the prime factors of t?
2, 5
Suppose 0 = q - 5*q + 8. Let a = q + -1. Suppose -a = h - 5. List the prime factors of h.
2
Suppose o + 1634 = 2*p, -2*o - 1090 - 548 = -2*p. List the prime factors of p.
5, 163
Suppose 5*d + f = -3, 0 = 5*d - 2*d + f + 3. Let u(t) be the second derivative of -t**3/6 + 9*t**2 + 2*t. What are the prime factors of u(d)?
2, 3
Suppose 7*c = 2*c + 25. Let v = -2 + c. Suppose 3*m + b = 218, b - 5 = -v. What are the prime factors of m?
2, 3
Suppose -j + 1122 = 4*a, -2*a + 6*a - 3334 = -3*j. List the prime factors of j.
2, 7, 79
Let q be 74/(-3)*27/(-2). Suppose 4*h - 43 - q = 0. List the prime factors of h.
2, 47
Let f = 1131 - 708. Suppose 4*i - y - 564 = 0, -i = -4*i - 4*y + f. What are the prime factors of i?
3, 47
Let v(w) = w**3 + 3*w**2 + w + 1. Let m be v(-2). Suppose 3*g = -61 + 10. List the prime factors of -8*m/(12/g).
2, 17
Suppose 0 = -3*a + 12, -3*m - 5*a + 1680 = 514. What are the prime factors of m?
2, 191
Let a(v) = -v + 164. List the prime factors of a(21).
11, 13
Let d(w) = 6*w**2 - w - 1. Suppose 3*x + v + 2*v + 3 = 0, x + 2*v + 6 = 0. Suppose -4*g + y - 7 = 0, g - 2*g + 2 = -x*y. What are the prime factors of d(g)?
5
Let j = -29 - -44. Suppose j*x = 18*x - 267. List the prime factors of x.
89
Let v be 281/(-9) + 2/9. Let a(p) = -2*p**3 - p**2 - 7*p - 1. Let q be a(-3). Let r = q + v. List the prime factors of r.
2, 17
Suppose -23*c + 4*l + 605 = -18*c, -363 = -3*c - 5*l. List the prime factors of c.
11
Let f be 992/12 + (-6)/9. Let r = -45 + f. Suppose 3*k - 178 = -r. List the prime factors of k.
47
Let y = -38 - -332. What are the prime factors of y?
2, 3, 7
Let s(i) = 40*i - 8. Let h be s(-6). Let d = -109 - h. List the prime factors of d.
139
Suppose -6*q + 590 = 212. What are the prime factors of (-9)/q - (-246)/7?
5, 7
Suppose -5*j = -5*x + 2415, -12*x - 1926 = -16*x + j. What are the prime factors of x?
13, 37
Suppose -4*j + 356 = 12. Let m = -39 + j. Let b = -29 + m. List the prime factors of b.
2, 3
Let z(w) = 2*w + 1. Let p(u) = -2*u - 1. Let f = -4 + 8. Let o(n) = f*z(n) + 5*p(n). What are the prime factors of o(-7)?
13
Suppose -p = -4*l + 4786, -3*l - 5*p + 4*p + 3593 = 0. List the prime factors of l.
3, 7, 19
Suppose -13*u = 7*u - 42700. List the prime factors of u.
5, 7, 61
Let s(z) = -z + 4*z + z. Let x be s(5). Suppose 0*k - k = -x. List the prime factors of k.
2, 5
Suppose -3*m = -4*m + 6. Let h be 37/m + (-3)/18. What are the prime factors of 4/(-6) + 142/h?
23
Suppose 0*b = 2*b - 172. Suppose b + 46 = -2*p. List the prime factors of 16/24*p/(-4).
11
Let s be ((-10)/(-4))/((-15)/36*-3). Suppose